
What is the millions digit of 2983263145?
3
What is the thousands digit of 15843810?
3
What is the ten thousands digit of 782921992?
2
What is the tens digit of 734991191?
9
What is the hundreds digit of 294311279?
2
What is the thousands digit of 1091743744?
3
What is the tens digit of 625336985?
8
What is the tens digit of 172663214?
1
What is the thousands digit of 141626571?
6
What is the millions digit of 48592935?
8
What is the hundreds digit of 5003279362?
3
What is the hundreds digit of 852291376?
3
What is the hundred millions digit of 6602411850?
6
What is the millions digit of 19289450?
9
What is the tens digit of 120233532?
3
What is the millions digit of 111544543?
1
What is the hundred millions digit of 1137516412?
1
What is the hundred millions digit of 280630512?
2
What is the units digit of 475385983?
3
What is the hundred thousands digit of 833018534?
0
What is the hundred millions digit of 523294595?
5
What is the millions digit of 3035273549?
5
What is the hundred thousands digit of 99646921?
6
What is the tens digit of 530710318?
1
What is the tens digit of 37459459?
5
What is the millions digit of 28777874?
8
What is the ten thousands digit of 3453499878?
9
What is the hundred millions digit of 220139836?
2
What is the hundred thousands digit of 242465067?
4
What is the thousands digit of 165355207?
5
What is the hundred thousands digit of 15448093?
4
What is the hundred thousands digit of 2877570?
8
What is the thousands digit of 128539845?
9
What is the thousands digit of 18251763?
1
What is the hundred millions digit of 923034279?
9
What is the hundred millions digit of 1096838933?
0
What is the tens digit of 2399034601?
0
What is the hundred thousands digit of 106360805?
3
What is the hundred millions digit of 252336763?
2
What is the hundreds digit of 467100284?
2
What is the ten thousands digit of 2269280639?
8
What is the billions digit of 2592321878?
2
What is the millions digit of 188353119?
8
What is the units digit of 41329620?
0
What is the ten millions digit of 35168155?
3
What is the thousands digit of 1597217385?
7
What is the ten thousands digit of 6162504922?
0
What is the units digit of 20516331?
1
What is the ten millions digit of 814869360?
1
What is the units digit of 178126305?
5
What is the millions digit of 1864376691?
4
What is the hundreds digit of 69523351?
3
What is the thousands digit of 889825656?
5
What is the hundred thousands digit of 774218769?
2
What is the millions digit of 601903771?
1
What is the millions digit of 1464650301?
4
What is the millions digit of 3862380922?
2
What is the hundreds digit of 27889756?
7
What is the hundreds digit of 116741877?
8
What is the tens digit of 71806671?
7
What is the ten thousands digit of 260860673?
6
What is the thousands digit of 122182739?
2
What is the millions digit of 2368855811?
8
What is the units digit of 247357729?
9
What is the hundred millions digit of 307635865?
3
What is the ten thousands digit of 60812813?
1
What is the tens digit of 1667430722?
2
What is the thousands digit of 116077007?
7
What is the millions digit of 336556854?
6
What is the units digit of 75574166?
6
What is the thousands digit of 2869119009?
9
What is the hundred millions digit of 5286919792?
2
What is the hundreds digit of 20949645?
6
What is the tens digit of 32421256?
5
What is the hundred thousands digit of 365710790?
7
What is the hundreds digit of 38548356?
3
What is the ten thousands digit of 5368549913?
4
What is the hundred thousands digit of 91728894?
7
What is the billions digit of 7546911342?
7
What is the hundred thousands digit of 144650257?
6
What is the tens digit of 7658969960?
6
What is the thousands digit of 53152144?
2
What is the ten thousands digit of 6543531342?
3
What is the units digit of 48937766?
6
What is the millions digit of 12559604?
2
What is the hundreds digit of 55766772?
7
What is the hundred millions digit of 108307244?
1
What is the thousands digit of 199731634?
1
What is the millions digit of 4529943314?
9
What is the millions digit of 70677328?
0
What is the hundred thousands digit of 3258113894?
1
What is the units digit of 1066992158?
8
What is the units digit of 105426742?
2
What is the hundred millions digit of 234840567?
2
What is the millions digit of 213329227?
3
What is the millions digit of 84908247?
4
What is the tens digit of 636662038?
3
What is the hundred thousands digit of 535387617?
3
What is the ten millions digit of 467873060?
6
What is the tens digit of 1419409575?
7
What is the ten millions digit of 30995235?
3
What is the hundred millions digit of 3132607760?
1
What is the hundred thousands digit of 84296618?
2
What is the thousands digit of 13366585?
6
What is the hundreds digit of 1426737464?
4
What is the ten thousands digit of 1795008?
9
What is the ten thousands digit of 30760169?
6
What is the tens digit of 917880961?
6
What is the thousands digit of 67195093?
5
What is the ten millions digit of 829653194?
2
What is the millions digit of 1143607?
1
What is the hundred millions digit of 3339789020?
3
What is the tens digit of 5239165053?
5
What is the ten thousands digit of 79735017?
3
What is the hundreds digit of 15625877?
8
What is the ten millions digit of 30925801?
3
What is the hundred thousands digit of 4628738142?
7
What is the hundred millions digit of 263504770?
2
What is the ten thousands digit of 100463217?
6
What is the tens digit of 1985452848?
4
What is the millions digit of 2016863918?
6
What is the millions digit of 2726018634?
6
What is the tens digit of 57800260?
6
What is the millions digit of 2401190916?
1
What is the millions digit of 142178037?
2
What is the billions digit of 4708015688?
4
What is the millions digit of 1947435917?
7
What is the units digit of 438708601?
1
What is the hundreds digit of 163059223?
2
What is the hundreds digit of 56751203?
2
What is the hundreds digit of 23654179?
1
What is the hundred thousands digit of 36334589?
3
What is the units digit of 106293170?
0
What is the ten millions digit of 226335893?
2
What is the hundred millions digit of 355550787?
3
What is the hundreds digit of 6414625632?
6
What is the hundred thousands digit of 343231735?
2
What is the hundred thousands digit of 4585999710?
9
What is the ten thousands digit of 432540707?
4
What is the hundreds digit of 25921908?
9
What is the units digit of 77386441?
1
What is the ten thousands digit of 263690076?
9
What is the units digit of 3576902?
2
What is the millions digit of 24942300?
4
What is the tens digit of 480151460?
6
What is the hundreds digit of 24201819?
8
What is the thousands digit of 5984649079?
9
What is the ten thousands digit of 305187152?
8
What is the hundreds digit of 1274786114?
1
What is the units digit of 70540186?
6
What is the units digit of 71661929?
9
What is the hundreds digit of 51529156?
1
What is the tens digit of 32758124?
2
What is the hundreds digit of 45612395?
3
What is the ten millions digit of 888466464?
8
What is the units digit of 40977488?
8
What is the units digit of 476341203?
3
What is the hundred thousands digit of 82722976?
7
What is the thousands digit of 4806129194?
9
What is the hundred millions digit of 457686455?
4
What is the millions digit of 263640573?
3
What is the hundreds digit of 122673329?
3
What is the hundred millions digit of 294848296?
2
What is the ten millions digit of 1053908471?
5
What is the ten millions digit of 883803754?
8
What is the units digit of 580927369?
9
What is the hundred thousands digit of 116168422?
1
What is the thousands digit of 947429715?
9
What is the hundred thousands digit of 1336369535?
3
What is the ten thousands digit of 110485024?
8
What is the hundred thousands digit of 12028140?
0
What is the ten millions digit of 281133597?
8
What is the hundred millions digit of 168833878?
1
What is the thousands digit of 90744647?
4
What is the millions digit of 593476874?
3
What is the ten thousands digit of 48136104?
3
What is the millions digit of 1269692444?
9
What is the ten millions digit of 968602009?
6
What is the ten thousands digit of 76700259?
0
What is the ten thousands digit of 367507910?
0
What is the billions digit of 2334392837?
2
What is the hundred thousands digit of 27705454?
7